Let o(a) = 450*a + 8834. What is o(-19)?
284
Let a(j) = -14*j**3 + 74*j**2 - 44*j + 195. Calculate a(7).
-1289
Let y(g) = 210*g**3 - 390*g**2 - 40*g + 73. What is y(2)?
113
Let l(b) = -b**3 + 10*b**2 - 24*b + 55. What is l(13)?
-764
Let j(d) = 2*d**2 - 340*d - 82481. Calculate j(305).
-131
Let s(v) = -3*v**2 + 243*v - 1421. Determine s(73).
331
Let t(w) = 26478*w - 264786. Give t(10).
-6
Let l(n) = 3*n**2 - 215*n - 367. Give l(71).
-509
Let m(d) = 1462*d + 124269. Give m(-85).
-1
Let h(a) = 5*a**2 + 97756*a + 2. What is h(0)?
2
Let i(m) = -58275*m + 291401. Determine i(5).
26
Let u(d) = 3*d**3 - 63*d**2 + 193*d - 22. Calculate u(17).
-209
Let o(w) = 17894*w - 7157607. Give o(400).
-7
Let o(m) = -29*m**2 - 129*m + 627. Determine o(-10).
-983
Let w(z) = 32*z - 3715. Calculate w(125).
285
Let q(r) = 338*r**2 + 17739*r + 8482. Give q(-52).
6
Let t(j) = j**3 + 49*j**2 - 5401*j - 261552. Determine t(-48).
0
Let i(z) = z**3 + 5*z**2 - 5*z - 146. What is i(-14)?
-1840
Let g(x) = -2*x**2 - 383*x - 10482. Give g(-31).
-531
Let u(k) = 9*k**3 - 9565*k**2 - 2173*k + 49985. What is u(1063)?
24
Let d(t) = -t**3 + 7*t**2 + 510*t - 21. Determine d(-20).
579
Let h(f) = -f**3 - 17*f**2 - 310*f - 5991. Calculate h(-18).
-87
Let v(y) = 91*y**2 - 344*y + 44. Give v(3).
-169
Let j(o) = o**3 - 17*o**2 - 245*o + 2930. Give j(21).
-451
Let b(z) = -z**3 - 47*z**2 + 103*z - 2180. Calculate b(-50).
170
Let p(h) = 66*h**2 - 75*h - 24. Determine p(0).
-24
Let x(b) = -b**3 + 506*b**2 - 5625*b + 89090. Determine x(495).
-10
Let y(g) = -40013*g - 40013. Give y(-1).
0
Let x(r) = r**3 + 23*r**2 + 78*r - 46. Determine x(-16).
498
Let f(d) = -22667*d + 1437. What is f(0)?
1437
Let a(w) = -444*w + 19430. Calculate a(43).
338
Let l(v) = v**2 - 25*v - 6950. Determine l(76).
-3074
Let f(o) = -2*o**2 - 117863*o + 353610. What is f(3)?
3
Let g(v) = -48*v**2 - 75*v - 349. Calculate g(-4).
-817
Let j(y) = -2034*y + 195260. Give j(96).
-4
Let n(o) = 88*o**2 - 45900*o - 45901. Determine n(-1).
87
Let p(r) = -342*r**2 - 604*r + 182. Determine p(-2).
22
Let l(k) = k**3 - 57*k**2 + 775*k + 537. Calculate l(25).
-88
Let d(v) = -6286*v**2 - 113157*v + 4. Calculate d(-18).
166
Let i(b) = 15*b**2 - 525*b + 1095. What is i(33)?
105
Let u(j) = 3*j**3 - 2616*j**2 - 425034*j - 6078. Give u(1012).
-6
Let o(p) = -7*p**2 - 185*p - 3881. What is o(-28)?
-4189
Let x(v) = 6*v**3 + 908*v**2 - 2462*v + 289. Give x(-154).
-19
Let w(s) = -s**3 - 5*s**2 + 1976*s + 7916. Determine w(-4).
-4
Let d(p) = -17*p**2 - 496*p - 112. Give d(-22).
2572
Let x(c) = -4111*c - 407000. Calculate x(-99).
-11
Let w(d) = 3775*d - 381270. What is w(101)?
5
Let a(l) = l**3 + 43*l**2 - 796*l + 130. Determine a(-57).
16
Let v(q) = -q**3 + 716*q**2 - 1242*q + 377011. Determine v(715).
206
Let q(b) = 4892*b - 195536. Calculate q(40).
144
Let m(j) = -454*j**2 - 194783*j - 7288. Calculate m(-429).
5
Let i(x) = -74*x**3 + x**2 - 783*x - 3. Calculate i(0).
-3
Let q(w) = -3*w**2 - 210023*w + 840072. Determine q(4).
-68
Let v(t) = -3256*t - 371185. Determine v(-114).
-1
Let a(o) = -o**3 - 195*o**2 - 381*o + 208504. Calculate a(-187).
-1
Let p(m) = -5565*m + 5581. What is p(1)?
16
Let q(c) = c**2 - 68094*c - 2316350. Give q(-34).
2
Let z(b) = 365*b**2 + 50002*b - 224. What is z(-137)?
187
Let t(u) = 9*u**2 + 1948882*u - 1948882. Give t(1).
9
Let w(h) = 571*h - 20158. Calculate w(36).
398
Let b(o) = -5*o**2 - 160*o + 6. Give b(-32).
6
Let t(j) = j**3 + 28*j**2 + 169*j - 54. Give t(-20).
-234
Let m(v) = v**2 + 87*v + 114. What is m(-86)?
28
Let t(b) = 7*b**3 - 57*b**2 + 93*b - 710. What is t(8)?
-30
Let a(u) = -3*u**3 - 84*u**2 - 200*u - 78. Calculate a(-2).
10
Let x(g) = -58*g**2 + 460*g + 1820. Give x(-4).
-948
Let p(b) = -128935*b - 773636. Give p(-6).
-26
Let l(d) = 4*d**2 + 2199*d - 20009. Give l(9).
106
Let u(z) = -3*z**2 + 1026*z + 436443. Give u(589).
-6
Let b(c) = 6*c**3 - 106*c**2 - 11*c - 451. What is b(18)?
-1
Let u(a) = -13*a**3 - 11245*a**2 - 71*a - 61436. Give u(-865).
-21
Let y(f) = -f**3 + 407*f**2 + 2073*f - 5757. Determine y(412).
-401
Let a(u) = -79*u - 9043. Calculate a(-110).
-353
Let s(y) = -16672*y + 1200384. Give s(72).
0
Let m(l) = -821*l**3 - 204428*l**2 + 251*l + 492. Calculate m(-249).
-6
Let n(y) = -7*y**2 + 160*y + 11780. Give n(54).
8
Let h(k) = -k**3 + 152*k**2 - 1296*k + 768. Calculate h(143).
-519
Let u(r) = 14*r**2 - 3527*r + 3504. Calculate u(251).
241
Let p(m) = 13*m**2 - 1961*m - 10142. Calculate p(-5).
-12
Let j(y) = y**3 - 76*y**2 - 128*y - 1999. Determine j(78).
185
Let s(h) = 6637*h - 139281. Determine s(21).
96
Let n(f) = -2*f**3 + 11*f**2 + 137*f - 790. Determine n(6).
-4
Let o(s) = -4*s**2 - 4462*s - 31060. What is o(-7)?
-22
Let p(m) = -7*m**2 - 2751*m - 141799. Calculate p(-332).
-35
Let d(h) = -4*h**3 + 42*h**2 - 387*h + 733. Determine d(11).
-3766
Let w(b) = -b**2 + 845*b - 32987. Give w(41).
-23
Let t(b) = -6*b**2 + 129*b + 1829. What is t(-13)?
-862
Let q(t) = -16*t**2 + 1371*t + 27896. What is q(-17)?
-35
Let c(i) = -18*i**3 + 75*i**2 - 8*i - 84. What is c(5)?
-499
Let f(w) = 164*w - 14167. Give f(83).
-555
Let r(n) = 11748*n - 70477. What is r(6)?
11
Let g(c) = -10714*c + 289271. Give g(27).
-7
Let d(i) = -6*i**2 + 739*i - 17539. What is d(91)?
24
Let j(a) = a**2 + 79*a + 337. Calculate j(-6).
-101
Let y(a) = 372*a**3 - 175952*a**2 - 1891*a - 476. Give y(473).
-3
Let t(p) = -2*p**3 + 803*p**2 + 545*p - 57469. Calculate t(402).
17
Let n(s) = 30*s**2 - 2496*s - 5051. What is n(-2)?
61
Let b(v) = 7*v**2 - 1365*v + 46499. Give b(44).
-9
Let c(i) = -149174*i - 149219. Calculate c(-1).
-45
Let x(s) = -138*s**2 + 426*s - 105. Determine x(3).
-69
Let h(c) = -63315*c - 63353. Give h(-1).
-38
Let m(f) = -5*f**3 + 88*f**2 - 198*f + 31. Calculate m(15).
-14
Let r(k) = -3539*k - 633521. What is r(-179)?
-40
Let h(q) = q**3 - 43*q**2 + 204*q - 5408. Calculate h(41).
-406
Let a(r) = -32*r + 6597. Determine a(119).
2789
Let p(j) = -3*j**3 + 4*j**2 - 272*j - 1531. Calculate p(-5).
304
Let h(z) = z**3 + 64*z**2 - 74*z + 60. Calculate h(-65).
645
Let v(x) = -11*x**2 - 5123*x - 3575. What is v(-465)?
145
Let a(d) = -d**2 - 207*d - 6943. Calculate a(-42).
-13
Let q(j) = -91491*j - 3110700. Give q(-34).
-6
Let n(f) = 3*f**2 + 457*f + 15449. What is n(-52)?
-203
Let q(l) = 10079*l - 1400961. Determine q(139).
20
Let a(j) = -21*j**3 + 459*j**2 + 53*j - 219. What is a(22)?
-505
Let r(l) = -l**2 + 31532*l - 189149. What is r(6)?
7
Let b(d) = -177*d**2 + 1566*d - 1203. Determine b(8).
-3
Let h(v) = 9*v**3 - 4*v**2 - 25*v + 61. Give h(3).
193
Let r(g) = -g**2 - 1033*g - 99086. Determine r(-107).
-4
Let p(l) = -29*l**2 - 236*l + 27. Calculate p(-10).
-513
Let h(o) = -32849*o - 131431. Determine h(-4).
-35
Let u(c) = 7*c**2 - 273*c - 2631. Determine u(47).
1
Let v(y) = 471*y - 2018. What is v(5)?
337
Let v(k) = -424*k - 16643. Determine v(-35).
-1803
Let c(z) = z**3 + 48*z**2 + 97*z + 30521. Calculate c(-56).
1
Let z(o) = o**3 + 52*o**2 + 360*o + 18752. Calculate z(-52).
32
Let w(t) = 669*t - 66279. Calculate w(99).
-48
Let q(l) = 16*l**2 - 751*l - 2441. Determine q(50).
9
Let s(p) = 421*p + 3182. Calculate s(-7).
235
Let j(z) = -z**3 + 91*z**2 - 481*z - 197. What is j(6)?
-23
Let b(v) = 2*v**2 - 737*v - 18033. Calculate b(392).
391
Let q(k) = -k**3 - 42*k**2 - 82*k + 1120. Give q(-41).
2801
Let r(n) = -177*n - 48330. Calculate r(-271).
-363
Let n(b) = 2*b**2 + 179*b - 3485. Calculate n(-106).
13
Let l(o) = 38*o**2 - 9925*o - 69410. Determine l(268).
2
Let q(m) = -731*m - 38760. Give q(-54).
714
Let w(h) = 9*h**2 + 24714*h + 147968. Calculate w(-6).
8
Let r(z) = 11017*z - 176282. What is r(16)?
-10
Let h(g) = g**3 - 162*g**2 + 176*g - 28526. What is h(162)?
-14
Let c(d) = -231*d + 4517. What is c(15)?
1052
Let p(r) = -r**3 - 133*r**2 + 563*r + 108076. Calculate p(-131).
1
Let u(i) = -14*i**3 + 25*i**2 - 59*i - 23. Give u(6).
-2501
Let b(u) = -884836*u - 9. Give b(0).
-9
Let x(z) = -z**2 - 151614*z - 2. Determine x(0).
-2
Let k(o) = o**3 - 49*o**2 - 392*o + 30636. What is k(34)?
-32
Let j(r) = -2*r**2 - 426*r - 3390. Give j(-8).
-110
Let m(g) = 2*g**2 + 354*g + 921. Calculate m(-174).
-123
Let h(i) = 5356*i + 90358. Determine h(-17).
-694
Let t(l) = l**2 - 376*l - 6668. What is t(-17)?
13
Let v(l) = -l**3 - 33*l**2 + 